{"id":4,"date":"2015-11-21T07:43:35","date_gmt":"2015-11-21T07:43:35","guid":{"rendered":"https:\/\/javiervillarrealredon.wordpress.com\/acerca-de-2\/"},"modified":"2023-04-26T13:13:51","modified_gmt":"2023-04-26T11:13:51","slug":"acerca-de-2","status":"publish","type":"page","link":"https:\/\/jvillarreal.es\/?page_id=4","title":{"rendered":"Acerca de"},"content":{"rendered":"<p>Economista de formaci\u00f3n, aficionado al ciclismo, y &#8220;IBMer&#8221; durante m\u00e1s de 30 a\u00f1os. Me apasiona colaborar en iniciativas que ayuden a mejorar la sociedad y los negocios gracias a la Inteligencia Artificial, Cloud, y Blockchain&#8230;, y por supuesto, en las que tengan que ver con mi deporte.<\/p>\n<p><img loading=\"lazy\" decoding=\"async\" class=\"  wp-image-1299 alignleft\" src=\"http:\/\/jvillarreal.es\/wp-content\/uploads\/2017\/09\/img_1574.jpg\" alt=\"IMG_1574\" width=\"121\" height=\"156\" \/><span style=\"font-size: inherit;\">Despu\u00e9s de muchos a\u00f1os como responsable de negocio en la Comunidad Valenciana y la Regi\u00f3n de Murcia, en 2013 me encargu\u00e9 del desarrollo de la iniciativa Cloud\/Managed Services Providers para Espa\u00f1a, Portugal, Grecia e Israel, continuando durante seis a\u00f1os m\u00e1s en el desarrollo de negocio con empresas de salud digital y el emergente sector &#8220;agrotech&#8221;, adem\u00e1s de apasionantes experiencias con agencias de marketing digital, y el mundo del &#8220;gaming&#8221;.\u00a0<\/span><\/p>\n<p>Como ciclista, despu\u00e9s de competir en innumerables carreras de mi categor\u00eda, en 2010 decid\u00ed lanzarme a fundar el <a href=\"http:\/\/www.ccalcaynaaltorreal.com\/\">Club Ciclista La Alcayna-Altorreal<\/a>,\u00a0 con el que estoy especialmente ilusionado. En 2022 inici\u00e9 mi formaci\u00f3n como Coach en Training Peaks, consiguiendo la certificaci\u00f3n oficial en 2023.<\/p>\n<p>Puedes encontrar mi perfil profesional completo en <a href=\"https:\/\/es.linkedin.com\/in\/javiervillarrealredon\">Linkedin.<\/a><\/p>\n<p>Si tienes curiosidad, en <a href=\"https:\/\/www.youracclaim.com\/users\/javier-villarreal-redon\">Acclaim<\/a> tienes los &#8220;Badges&#8221; que voy logrando. Tengo especial cari\u00f1o por la Certificaci\u00f3n Oficial como &#8220;Level II Expert Certified Seller&#8221;, cuya consecuci\u00f3n implic\u00f3 el reto personal de superar el curso en la London Business School. Tambi\u00e9n el de &#8220;IBM Recognized Speaker\/Presenter&#8221; tras los a\u00f1os dedicados a hacer numerosas presentaciones en los sectores arriba indicados.<\/p>\n<p><img loading=\"lazy\" decoding=\"async\" class=\"alignnone size-full wp-image-1385\" src=\"http:\/\/jvillarreal.es\/wp-content\/uploads\/2020\/12\/captura-de-pantalla-2020-12-29-a-las-18.58.33.png\" alt=\"Captura de pantalla 2020-12-29 a las 18.58.33\" width=\"736\" height=\"918\" srcset=\"https:\/\/jvillarreal.es\/wp-content\/uploads\/2020\/12\/captura-de-pantalla-2020-12-29-a-las-18.58.33.png 736w, https:\/\/jvillarreal.es\/wp-content\/uploads\/2020\/12\/captura-de-pantalla-2020-12-29-a-las-18.58.33-241x300.png 241w\" sizes=\"auto, (max-width: 736px) 100vw, 736px\" \/><\/p>\n<p><a href=\"https:\/\/twitter.com\/jvillarreal\">Mi Twitter<\/a> es una mezcla 90% profesional 10% personal. \u00a1Pi\u00e9nsatelo antes de seguirme! \ud83d\ude42<\/p>\n<p><em>Todos los contenidos son opiniones personales, y no reflejan la posici\u00f3n oficial de ninguna de las empresas que pueda mencionar.\u00a0<\/em><\/p>\n","protected":false},"excerpt":{"rendered":"<p>Este soy yo&#8230;<\/p>\n","protected":false},"author":2,"featured_media":21,"parent":316,"menu_order":1,"comment_status":"closed","ping_status":"closed","template":"","meta":{"spay_email":"","footnotes":""},"class_list":["post-4","page","type-page","status-publish","has-post-thumbnail","hentry","entry","has-media"],"_links":{"self":[{"href":"https:\/\/jvillarreal.es\/index.php?rest_route=\/wp\/v2\/pages\/4","targetHints":{"allow":["GET"]}}],"collection":[{"href":"https:\/\/jvillarreal.es\/index.php?rest_route=\/wp\/v2\/pages"}],"about":[{"href":"https:\/\/jvillarreal.es\/index.php?rest_route=\/wp\/v2\/types\/page"}],"author":[{"embeddable":true,"href":"https:\/\/jvillarreal.es\/index.php?rest_route=\/wp\/v2\/users\/2"}],"replies":[{"embeddable":true,"href":"https:\/\/jvillarreal.es\/index.php?rest_route=%2Fwp%2Fv2%2Fcomments&post=4"}],"version-history":[{"count":4,"href":"https:\/\/jvillarreal.es\/index.php?rest_route=\/wp\/v2\/pages\/4\/revisions"}],"predecessor-version":[{"id":1646,"href":"https:\/\/jvillarreal.es\/index.php?rest_route=\/wp\/v2\/pages\/4\/revisions\/1646"}],"up":[{"embeddable":true,"href":"https:\/\/jvillarreal.es\/index.php?rest_route=\/wp\/v2\/pages\/316"}],"wp:featuredmedia":[{"embeddable":true,"href":"https:\/\/jvillarreal.es\/index.php?rest_route=\/wp\/v2\/media\/21"}],"wp:attachment":[{"href":"https:\/\/jvillarreal.es\/index.php?rest_route=%2Fwp%2Fv2%2Fmedia&parent=4"}],"curies":[{"name":"wp","href":"https:\/\/api.w.org\/{rel}","templated":true}]}}